e factors of 405903?
3, 135301
List the prime factors of 9963810.
2, 3, 5, 12301
List the prime factors of 6836950.
2, 5, 136739
List the prime factors of 970797.
3, 323599
List the prime factors of 25910313.
3, 11, 13, 60397
What are the prime factors of 3096009?
3, 7, 16381
What are the prime factors of 8867013?
3, 17, 37, 127
What are the prime factors of 11580821?
7, 1654403
List the prime factors of 805501.
805501
What are the prime factors of 2537584?
2, 7, 139, 163
What are the prime factors of 11776422?
2, 3, 7, 199, 1409
List the prime factors of 4411431.
3, 490159
What are the prime factors of 498677?
53, 97
What are the prime factors of 2351782?
2, 19, 199, 311
What are the prime factors of 43677?
3, 23, 211
What are the prime factors of 125341?
17, 73, 101
What are the prime factors of 4005253?
7, 572179
List the prime factors of 208156.
2, 13, 4003
List the prime factors of 10498099.
2129, 4931
What are the prime factors of 12785019?
3, 13, 151, 167
What are the prime factors of 763357?
7, 167, 653
What are the prime factors of 86148?
2, 3, 2393
What are the prime factors of 288042?
2, 3, 61, 787
What are the prime factors of 4429691?
7, 632813
List the prime factors of 4361747.
13, 335519
What are the prime factors of 748305?
3, 5, 23, 241
List the prime factors of 873812.
2, 218453
List the prime factors of 273463.
61, 4483
List the prime factors of 264934.
2, 139, 953
List the prime factors of 4370936.
2, 546367
List the prime factors of 686020.
2, 5, 34301
List the prime factors of 8701682.
2, 11, 23, 29, 593
List the prime factors of 5259511.
17, 18199
List the prime factors of 756677.
23, 167, 197
List the prime factors of 2951472.
2, 3, 17, 3617
List the prime factors of 23084658.
2, 3, 19, 67499
What are the prime factors of 433847?
433847
List the prime factors of 118759.
103, 1153
List the prime factors of 2354596.
2, 588649
What are the prime factors of 29115032?
2, 3639379
What are the prime factors of 7423?
13, 571
List the prime factors of 2469684.
2, 3, 7, 29401
List the prime factors of 5229188.
2, 23, 113, 503
List the prime factors of 2763988.
2, 690997
What are the prime factors of 186922?
2, 19, 4919
What are the prime factors of 8983295?
5, 19, 94561
List the prime factors of 1317761.
1317761
What are the prime factors of 2619143?
211, 12413
List the prime factors of 960730.
2, 5, 191, 503
List the prime factors of 250195.
5, 11, 4549
List the prime factors of 2796834.
2, 3, 466139
What are the prime factors of 1473651?
3, 73, 2243
What are the prime factors of 777568?
2, 11, 47
List the prime factors of 6807227.
7, 138923
List the prime factors of 873283.
857, 1019
What are the prime factors of 837110?
2, 5, 97, 863
List the prime factors of 9087013.
13, 699001
What are the prime factors of 780940?
2, 5, 39047
List the prime factors of 6315445.
5, 103, 12263
What are the prime factors of 3028181?
13, 232937
What are the prime factors of 3077194?
2, 1538597
What are the prime factors of 63889?
7, 9127
What are the prime factors of 277336?
2, 34667
What are the prime factors of 1392376?
2, 174047
List the prime factors of 1313334.
2, 3, 11, 67
List the prime factors of 4397114.
2, 223, 9859
List the prime factors of 3757959.
3, 71, 5881
What are the prime factors of 306697?
17, 18041
What are the prime factors of 1029843?
3, 17, 53, 127
What are the prime factors of 3417004?
2, 131, 6521
What are the prime factors of 111495?
3, 5, 7433
What are the prime factors of 278046?
2, 3, 19, 271
List the prime factors of 496621.
17, 131, 223
List the prime factors of 12249.
3, 1361
What are the prime factors of 12731354?
2, 43, 317, 467
List the prime factors of 271997.
11, 79, 313
What are the prime factors of 243891?
3, 3011
What are the prime factors of 894166?
2, 7, 13, 17
What are the prime factors of 130365?
3, 5, 2897
What are the prime factors of 449226?
2, 3, 47, 59
What are the prime factors of 111942?
2, 3, 691
List the prime factors of 5615743.
7, 31, 3697
List the prime factors of 184743.
3, 13, 1579
What are the prime factors of 6812392?
2, 851549
What are the prime factors of 177524?
2, 44381
List the prime factors of 745186.
2, 13, 28661
What are the prime factors of 245564?
2, 11, 5581
List the prime factors of 972085.
5, 433, 449
What are the prime factors of 383523?
3, 7, 2609
What are the prime factors of 99323?
7, 2027
List the prime factors of 15241967.
13, 163, 7193
List the prime factors of 79673.
11, 7243
What are the prime factors of 11894304?
2, 3, 19, 6521
What are the prime factors of 9792800?
2, 5, 12241
List the prime factors of 679945.
5, 7, 19427
What are the prime factors of 523765?
5, 11, 89, 107
List the prime factors of 1314287.
13, 17, 19, 313
What are the prime factors of 888894?
2, 3, 31, 59
What are the prime factors of 467885?
5, 11, 47, 181
What are the prime factors of 11820591?
3, 59, 113, 197
What are the prime factors of 2617915?
5, 17, 19, 1621
List the prime factors of 10026595.
5, 2005319
What are the prime factors of 18982978?
2, 7, 569, 2383
What are the prime factors of 889824?
2, 3, 13, 23, 31
What are the prime factors of 3847183?
239, 16097
What are the prime factors of 139115?
5, 27823
What are the prime factors of 1521669?
3, 59, 8597
What are the prime factors of 2292654?
2, 3, 7, 13, 17, 19
What are the prime factors of 2070753?
3, 17, 19, 2137
List the prime factors of 4952678.
2, 17, 29, 5023
What are the prime factors of 3460910?
2, 5, 346091
List the prime factors of 1622637.
3, 29, 6217
List the prime factors of 1954.
2, 977
List the prime factors of 3300437.
7, 37, 12743
List the prime factors of 2359445.
5, 11, 42899
List the prime factors of 2015008.
2, 62969
List the prime factors of 2213444.
2, 59, 83, 113
List the prime factors of 271844.
2, 67961
What are the prime factors of 472306?
2, 236153
What are the prime factors of 9756835?
5, 11, 16127
What are the prime factors of 1277980?
2, 5, 11, 37, 157
What are the prime factors of 1996473?
3, 677, 983
List the prime factors of 256915.
5, 51383
What are the prime factors of 75826?
2, 31, 1223
List the prime factors of 4033053.
3, 83, 5399
What are the prime factors of 1328578?
2, 664289
What are the prime factors of 29235292?
2, 257, 28439
What are the prime factors of 268275?
3, 5, 7, 73
List the prime factors of 277292.
2, 181, 383
What are the prime factors of 135828?
2, 3, 7, 11
What are the prime factors of 30431769?
3, 10143923
List the prime factors of 2591132.
2, 647783
What are the prime factors of 2617173?
3, 13, 22369
What are the prime factors of 187280?
2, 5, 2341
List the prime factors of 3490310.
2, 5, 43, 8117
List the prime factors of 5065181.
11, 41, 1021
What are the prime factors of 113500?
2, 5, 227
What are the prime factors of 20780505?
3, 5, 53, 8713
List the prime factors of 117666.
2, 3, 2179
List the prime factors of 132596.
2, 33149
List the prime factors of 12343049.
12343049
List the prime factors of 1658302.
2, 829151
What are the prime factors of 105328?
2, 29, 227
List the prime factors of 1095936.
2, 3, 1427
List the prime factors of 139836.
2, 3, 43, 271
What are the prime factors of 697604?
2, 19, 67, 137
What are the prime factors of 304293?
3, 11, 9221
What are the prime factors of 12524531?
1543, 8117
What are the prime factors of 6068?
2, 37, 41
List the prime factors of 14309741.
14309741
List the prime factors of 216032.
2, 43, 157
List the prime factors of 758788.
2, 189697
List the prime factors of 1879199.
7, 38351
What are the prime factors of 624487?
624487
List the prime factors of 15604.
2, 47, 83
What are the prime factors of 42155071?
7, 31, 194263
What are the prime factors of 166719?
3, 7, 17, 467
What are the prime factors of 208284?
2, 3, 17, 1021
What are the prime factors of 8052808?
2, 19, 31, 1709
What are the prime factors of 3078168?
2, 3, 128257
List the prime factors of 17391816.
2, 3, 13, 17, 1093
What are the prime factors of 1718601?
3, 572867
What are the prime factors of 9721794?
2, 3, 137, 11827
What are the prime factors of 768645?
3, 5, 19, 29, 31
List the prime factors of 601349.
7, 271, 317
List the prime factors of 790585.
5, 17, 71, 131
List the prime factors of 3722346.
2, 3, 227, 911
What are the prime factors of 1847437